ulate the remainder when 565 is divided by 42.
19
Calculate the remainder when 8785 is divided by 732.
1
Calculate the remainder when 39633 is divided by 67.
36
What is the remainder when 18857 is divided by 18841?
16
What is the remainder when 3116717 is divided by 20?
17
Calculate the remainder when 32637 is divided by 3625.
12
Calculate the remainder when 149922 is divided by 21.
3
What is the remainder when 105287 is divided by 321?
320
Calculate the remainder when 4138 is divided by 40.
18
Calculate the remainder when 53438 is divided by 297.
275
What is the remainder when 16095 is divided by 28?
23
Calculate the remainder when 8016 is divided by 229.
1
Calculate the remainder when 5175 is divided by 337.
120
What is the remainder when 6112 is divided by 494?
184
Calculate the remainder when 53603 is divided by 93.
35
Calculate the remainder when 4155 is divided by 1260.
375
Calculate the remainder when 93395 is divided by 20.
15
Calculate the remainder when 4305 is divided by 1366.
207
What is the remainder when 1127 is divided by 115?
92
Calculate the remainder when 2426 is divided by 61.
47
What is the remainder when 29905 is divided by 217?
176
What is the remainder when 39100 is divided by 79?
74
Calculate the remainder when 2641 is divided by 18.
13
Calculate the remainder when 481 is divided by 254.
227
Calculate the remainder when 2773884 is divided by 111.
105
Calculate the remainder when 13734 is divided by 1785.
1239
What is the remainder when 28292 is divided by 301?
299
Calculate the remainder when 12310 is divided by 1230.
10
What is the remainder when 3615 is divided by 138?
27
Calculate the remainder when 942 is divided by 566.
376
What is the remainder when 455386 is divided by 11?
8
Calculate the remainder when 1836 is divided by 554.
174
Calculate the remainder when 1582 is divided by 376.
78
What is the remainder when 720089 is divided by 42?
41
Calculate the remainder when 61979 is divided by 195.
164
What is the remainder when 316564 is divided by 225?
214
What is the remainder when 2006 is divided by 263?
165
Calculate the remainder when 154525 is divided by 90.
85
What is the remainder when 27831 is divided by 30?
21
Calculate the remainder when 11944 is divided by 241.
135
What is the remainder when 1370718 is divided by 104?
102
What is the remainder when 112527 is divided by 93?
90
What is the remainder when 10671 is divided by 1907?
1136
What is the remainder when 6119 is divided by 133?
1
Calculate the remainder when 3292 is divided by 43.
24
What is the remainder when 6279 is divided by 76?
47
Calculate the remainder when 3896353 is divided by 1119.
1114
Calculate the remainder when 4548 is divided by 76.
64
Calculate the remainder when 2010 is divided by 347.
275
What is the remainder when 1419 is divided by 282?
9
What is the remainder when 1618207 is divided by 1565?
1562
What is the remainder when 724525 is divided by 181123?
33
Calculate the remainder when 10513 is divided by 10485.
28
Calculate the remainder when 1067 is divided by 332.
71
What is the remainder when 559648 is divided by 861?
859
What is the remainder when 33229 is divided by 11046?
91
What is the remainder when 33107 is divided by 76?
47
Calculate the remainder when 829 is divided by 332.
165
Calculate the remainder when 22576 is divided by 42.
22
Calculate the remainder when 10966 is divided by 7.
4
Calculate the remainder when 170955 is divided by 2999.
12
What is the remainder when 1794 is divided by 885?
24
What is the remainder when 4873 is divided by 484?
33
Calculate the remainder when 79324 is divided by 79309.
15
What is the remainder when 173155 is divided by 180?
175
Calculate the remainder when 1287 is divided by 96.
39
What is the remainder when 132528 is divided by 43?
2
What is the remainder when 10020 is divided by 4861?
298
Calculate the remainder when 1700 is divided by 406.
76
Calculate the remainder when 12783 is divided by 581.
1
Calculate the remainder when 7461 is divided by 466.
5
What is the remainder when 4548 is divided by 93?
84
What is the remainder when 12255 is divided by 2042?
3
Calculate the remainder when 3407 is divided by 189.
5
What is the remainder when 35053 is divided by 171?
169
Calculate the remainder when 14634 is divided by 26.
22
Calculate the remainder when 1028329 is divided by 170.
169
Calculate the remainder when 1767499 is divided by 100.
99
What is the remainder when 630140 is divided by 1881?
5
What is the remainder when 34146 is divided by 194?
2
What is the remainder when 4011 is divided by 1275?
186
What is the remainder when 1671 is divided by 1611?
60
What is the remainder when 32241 is divided by 134?
81
What is the remainder when 85024 is divided by 215?
99
Calculate the remainder when 662 is divided by 284.
94
What is the remainder when 1389 is divided by 353?
330
Calculate the remainder when 169937 is divided by 14.
5
What is the remainder when 13975 is divided by 73?
32
Calculate the remainder when 10103 is divided by 43.
41
Calculate the remainder when 5955 is divided by 570.
255
What is the remainder when 166529 is divided by 1181?
8
Calculate the remainder when 323854 is divided by 80946.
70
What is the remainder when 52532 is divided by 26266?
0
What is the remainder when 1418 is divided by 350?
18
Calculate the remainder when 154471 is divided by 2970.
31
What is the remainder when 272080 is divided by 90?
10
What is the remainder when 2170859 is divided by 11?
9
What is the remainder when 287827 is divided by 107?
104
Calculate the remainder when 12789 is divided by 311.
38
What is the remainder when 18414 is divided by 200?
14
What is the remainder when 19658 is divided by 9825?
8
What is the remainder when 958 is divided by 90?
58
Calculate the remainder when 63541 is divided by 17.
12
What is the remainder when 82 is divided by 22?
16
What is the remainder when 255142 is divided by 419?
390
What is the remainder when 13041 is divided by 63?
0
Calculate the remainder when 32233 is divided by 215.
198
What is the remainder when 42912 is divided by 71?
28
What is the remainder when 52318 is divided by 436?
434
Calculate the remainder when 103445 is divided by 14.
13
What is the remainder when 479333 is divided by 104?
101
What is the remainder when 20064 is divided by 542?
10
Calculate the remainder when 969149 is divided by 75.
74
What is the remainder when 26890 is divided by 64?
10
Calculate the remainder when 40543 is divided by 45.
43
What is the remainder when 1439 is divided by 36?
35
What is the remainder when 47037 is divided by 19?
12
What is the remainder when 42666 is divided by 3553?
30
Calculate the remainder when 28302 is divided by 5638.
112
What is the remainder when 14411 is divided by 53?
48
Calculate the remainder when 3403 is divided by 785.
263
What is the remainder when 1051131 is divided by 87?
84
Calculate the remainder when 423 is divided by 416.
7
Calculate the remainder when 11817 is divided by 219.
210
Calculate the remainder when 2653 is divided by 47.
21
What is the remainder when 271864 is divided by 72?
64
What is the remainder when 15404 is divided by 74?
12
What is the remainder when 4335 is divided by 1058?
103
Calculate the remainder when 19733 is divided by 286.
285
What is the remainder when 12739 is divided by 93?
91
Calculate the remainder when 234491 is divided by 4.
3
Calculate the remainder when 7610559 is divided by 1399.
1398
Calculate the remainder when 515 is divided by 437.
78
Calculate the remainder when 13628 is divided by 126.
20
What is the remainder when 4458 is divided by 176?
58
What is the remainder when 231812 is divided by 2?
0
What is the remainder when 188124 is divided by 2542?
16
What is the remainder when 186555 is divided by 15?
0
What is the remainder when 135599 is divided by 7976?
7
Calculate the remainder when 22016 is divided by 77.
71
What is the remainder when 2842 is divided by 398?
56
Calculate the remainder when 4057 is divided by 140.
137
Calculate the remainder when 32427 is divided by 690.
687
Calculate the remainder when 61028 is divided by 30505.
18
What is the remainder when 1515221 is divided by 13409?
4
What is the remainder when 120582 is divided by 60?
42
Calculate the remainder wh